{"id":42,"date":"2017-11-29T13:04:22","date_gmt":"2017-11-29T19:04:22","guid":{"rendered":"https:\/\/profesionalizacionsjpa.anuies.mx\/?page_id=42"},"modified":"2018-02-12T13:06:16","modified_gmt":"2018-02-12T19:06:16","slug":"objetivos","status":"publish","type":"page","link":"https:\/\/profesionalizacionsjpa.anuies.mx\/index.php\/objetivos\/","title":{"rendered":"Objetivo"},"content":{"rendered":"<p style=\"text-align: justify;\"><span style=\"font-size: 14pt;\"><img loading=\"lazy\" class=\" wp-image-354 alignleft\" src=\"https:\/\/profesionalizacionsjpa.anuies.mx\/wp-content\/uploads\/2018\/01\/Objetivo-4.jpg\" alt=\"\" width=\"174\" height=\"139\" \/>El programa se propone profesionalizar a fiscales, defensores, asesores jur\u00eddicos y facilitadores de mecanismos alternativos de soluci\u00f3n de controversias en materia penal (MASC), a efecto de fortalecer sus conocimientos y habilidades para la correcta aplicaci\u00f3n del SJP, tomando en cuenta los enfoques de g\u00e9nero, derechos humanos, cultura de la legalidad, as\u00ed como los derechos de la v\u00edctima y de todos los involucrados en el procedimiento penal.<\/span><\/p>\n","protected":false},"excerpt":{"rendered":"<p>El programa se propone profesionalizar a fiscales, defensores, asesores jur\u00eddicos y facilitadores de mecanismos alternativos de soluci\u00f3n de controversias en materia penal (MASC), a efecto de fortalecer sus conocimientos y habilidades para la correcta aplicaci\u00f3n del SJP, tomando en cuenta los enfoques de g\u00e9nero, derechos humanos, cultura de la legalidad, as\u00ed como los derechos de &hellip; <\/p>\n","protected":false},"author":1,"featured_media":0,"parent":0,"menu_order":0,"comment_status":"closed","ping_status":"closed","template":"","meta":[],"_links":{"self":[{"href":"https:\/\/profesionalizacionsjpa.anuies.mx\/index.php\/wp-json\/wp\/v2\/pages\/42"}],"collection":[{"href":"https:\/\/profesionalizacionsjpa.anuies.mx\/index.php\/wp-json\/wp\/v2\/pages"}],"about":[{"href":"https:\/\/profesionalizacionsjpa.anuies.mx\/index.php\/wp-json\/wp\/v2\/types\/page"}],"author":[{"embeddable":true,"href":"https:\/\/profesionalizacionsjpa.anuies.mx\/index.php\/wp-json\/wp\/v2\/users\/1"}],"replies":[{"embeddable":true,"href":"https:\/\/profesionalizacionsjpa.anuies.mx\/index.php\/wp-json\/wp\/v2\/comments?post=42"}],"version-history":[{"count":10,"href":"https:\/\/profesionalizacionsjpa.anuies.mx\/index.php\/wp-json\/wp\/v2\/pages\/42\/revisions"}],"predecessor-version":[{"id":355,"href":"https:\/\/profesionalizacionsjpa.anuies.mx\/index.php\/wp-json\/wp\/v2\/pages\/42\/revisions\/355"}],"wp:attachment":[{"href":"https:\/\/profesionalizacionsjpa.anuies.mx\/index.php\/wp-json\/wp\/v2\/media?parent=42"}],"curies":[{"name":"wp","href":"https:\/\/api.w.org\/{rel}","templated":true}]}}