{"id":52,"date":"2017-11-29T13:07:05","date_gmt":"2017-11-29T19:07:05","guid":{"rendered":"https:\/\/profesionalizacionsjpa.anuies.mx\/?page_id=52"},"modified":"2018-07-11T10:35:15","modified_gmt":"2018-07-11T16:35:15","slug":"contacto","status":"publish","type":"page","link":"https:\/\/profesionalizacionsjpa.anuies.mx\/index.php\/contacto\/","title":{"rendered":"Contacto"},"content":{"rendered":"<p><img loading=\"lazy\" class=\" wp-image-136 aligncenter\" src=\"https:\/\/profesionalizacionsjpa.anuies.mx\/wp-content\/uploads\/2017\/12\/mail.jpg\" alt=\"\" width=\"133\" height=\"130\" \/><\/p>\n<p style=\"text-align: center;\"><span style=\"font-size: 14pt;\">Tel\u00e9fono: 5420 4900, Ext: 1076<\/span><br \/>\n<span style=\"font-size: 14pt;\">Correo electr\u00f3nico: proyectosjp@anuies.mx<\/span><br \/>\n<span style=\"color: #800000; font-size: 14pt;\">https:\/\/profesionalizacionsjpa.anuies.mx<\/span><\/p>\n<p>&nbsp;<\/p>\n<p style=\"font-weight: 400;\"><span class=\"A5\"><b>B<\/b><\/span><span class=\"A5\"><b>enem\u00e9rita\u00a0<\/b><\/span><span class=\"A5\"><b>U<\/b><\/span><span class=\"A5\"><b>niversidad\u00a0<\/b><\/span><span class=\"A5\"><b>A<\/b><\/span><span class=\"A5\"><b>ut\u00f3noma de\u00a0<\/b><\/span><span class=\"A5\"><b>P<\/b><\/span><span class=\"A5\"><b>uebla<\/b><\/span><\/p>\n<p style=\"font-weight: 400;\">Oficina de la Abogada General<\/p>\n<p style=\"font-weight: 400;\">Mtra. Laura Ang\u00e9lica Montes Mungu\u00eda<\/p>\n<p style=\"font-weight: 400;\">Tel\u00e9fono: 01 (222) 229-5500, Ext. 5066<\/p>\n<p style=\"font-weight: 400;\">Correo Electr\u00f3nico: <a href=\"mailto:sistemadejusticiapenal@correo.buap.mx\">sistemadejusticiapenal@correo.buap.mx<\/a><\/p>\n<p style=\"font-weight: 400;\">Facultad de Derecho y Ciencias Sociales<\/p>\n<p style=\"font-weight: 400;\">Dra. Mar\u00eda Luisa M\u00e1rquez Olvera<\/p>\n<p style=\"font-weight: 400;\">Tel\u00e9fono: 01(222) 2-29-55-00, Ext. 7717<\/p>\n<p style=\"font-weight: 400;\">Web: <a href=\"http:\/\/www.diplomadosenjusticiapenal.buap.mx\/\" data-saferedirecturl=\"https:\/\/www.google.com\/url?hl=es&amp;q=http:\/\/www.diplomadosenjusticiapenal.buap.mx&amp;source=gmail&amp;ust=1519491052811000&amp;usg=AFQjCNGoR1ajMU-shuIYbY8UOMr3NiprGQ\">www.diplomadosenjusticiapenal.buap.mx<\/a><\/p>\n<p>&nbsp;<\/p>\n<p style=\"font-weight: 400;\"><b>ITESO,\u00a0Universidad Jesuita de Guadalajara<\/b><\/p>\n<p>Tel\u00e9fono: 33 3669 3482<\/p>\n<p style=\"font-weight: 400;\">Correo electr\u00f3nico:\u00a0<a href=\"mailto:diplomados@iteso.mx\">diplomados@iteso.mx<\/a><\/p>\n<p>&nbsp;<\/p>\n<p style=\"font-weight: 400;\"><strong>Universidad Aut\u00f3noma de Baja California Sur<\/strong><\/p>\n<p style=\"font-weight: 400;\">M.C. Brenda Elizabeth Ram\u00edrez D\u00edaz<\/p>\n<p style=\"font-weight: 400;\">Tel\u00e9fono: 1238800, Ext. 3100 y 3514<\/p>\n<p style=\"font-weight: 400;\">Correo electr\u00f3nico:\u00a0<a href=\"mailto:procosjpa@uabcs.mx\">procosjpa@uabcs.mx<\/a><\/p>\n<p>&nbsp;<\/p>\n<p style=\"font-weight: 400;\"><strong>Universidad Aut\u00f3noma de Nuevo Le\u00f3n<\/strong><\/p>\n<p style=\"font-weight: 400;\">Educaci\u00f3n Continua, FACDYC<\/p>\n<p style=\"font-weight: 400;\">Tel\u00e9fono: 81344600, Ext. 7064<\/p>\n<p style=\"font-weight: 400;\">Correo Electr\u00f3nico:\u00a0<a href=\"mailto:educontinua.facdyc@outlook.com\">educontinua.facdyc@outlook.com<\/a><\/p>\n<p>&nbsp;<\/p>\n<p style=\"font-weight: 400;\"><strong>Universidad Aut\u00f3noma de Sinaloa<\/strong><\/p>\n<p style=\"font-weight: 400;\">Coordinaci\u00f3n General de Planeaci\u00f3n y Desarrollo<\/p>\n<p style=\"font-weight: 400;\">Tel\u00e9fono: (667) 759 38 73<\/p>\n<p style=\"font-weight: 400;\">Correo Electr\u00f3nico: <a href=\"mailto:proyecto.sjp@uas.edu.mx\">proyecto.sjp@uas.edu.mx<\/a><\/p>\n<p>&nbsp;<\/p>\n<p style=\"font-weight: 400;\"><strong>Universidad Aut\u00f3noma de Yucat\u00e1n<\/strong><\/p>\n<p style=\"font-weight: 400;\">Coordinaci\u00f3n de Educaci\u00f3n Continua<\/p>\n<p style=\"font-weight: 400;\">Facultad de Derecho<\/p>\n<p style=\"font-weight: 400;\">Tel\u00e9fonos: 999-827856 y 999-822942, Ext. 72116<\/p>\n<p style=\"font-weight: 400;\"><span class=\"s1\">Correo Electr\u00f3nico:<\/span> <a href=\"mailto:ec.derecho@correo.uady.mx\">ec.derecho@correo.uady.mx<\/a><\/p>\n<p style=\"font-weight: 400;\">Facebook: <a href=\"https:\/\/www.facebook.com\/PosgradoDerechoUADY\/\">Posgrado Derecho UADY<\/a><\/p>\n<p style=\"font-weight: 400;\">Web:\u00a0<a href=\"http:\/\/www.derecho.uady.mx\/\" data-saferedirecturl=\"https:\/\/www.google.com\/url?hl=es&amp;q=http:\/\/www.derecho.uady.mx&amp;source=gmail&amp;ust=1519491052811000&amp;usg=AFQjCNGJSz9zqWTfve5TC0j2mk8N7ccADA\">www.derecho.uady.mx<\/a><\/p>\n<p>&nbsp;<\/p>\n<p style=\"font-weight: 400;\"><strong>Universidad Aut\u00f3noma del Carmen<\/strong><\/p>\n<p style=\"font-weight: 400;\">Erika Delf\u00edn Ayala<\/p>\n<p style=\"font-weight: 400;\">Direcci\u00f3n de la Facultad de Derecho de la UNACAR<\/p>\n<p style=\"font-weight: 400;\">Tel\u00e9fono: 938 3826513 y 938 3811018, Ext. 2201<\/p>\n<p>&nbsp;<\/p>\n<p style=\"font-weight: 400;\"><strong>Universidad Aut\u00f3noma del Estado de Hidalgo<\/strong><\/p>\n<p style=\"font-weight: 400;\">Lic. Alice Liliana Jim\u00e9nez Cervantes<\/p>\n<p style=\"font-weight: 400;\">Edificio\u00a0<strong>CEVIDE<\/strong><\/p>\n<p style=\"font-weight: 400;\">Tel\u00e9fono: 01 771 71 72000, Ext. 6031, 6032, 6035 y 6036<\/p>\n<p style=\"font-weight: 400;\">Correo electr\u00f3nico:\u00a0<a href=\"mailto:econtinua_publicidad@uaeh.edu.mx\">econtinua_publicidad@uaeh.edu.mx<\/a><\/p>\n<p>&nbsp;<\/p>\n<p style=\"font-weight: 400;\"><strong>Universidad de Guanajuato<\/strong><\/p>\n<p style=\"font-weight: 400;\">Erick Guillermo G\u00f3mez Almanza<\/p>\n<p style=\"font-weight: 400;\">Tel\u00e9fono: 01473 732 00 06, extensi\u00f3n 4034<\/p>\n<p><a href=\"mailto:eg.gomezalmanza@ugto.mx\">eg.gomezalmanza@ugto.mx\u00a0<\/a><\/p>\n<p>&nbsp;<\/p>\n<p style=\"font-weight: 400;\"><strong>Universidad Aut\u00f3noma del Estado de M\u00e9xico<\/strong><\/p>\n<p style=\"font-weight: 400;\">Direcci\u00f3n de Desarrollo del Personal Acad\u00e9mico<\/p>\n<p style=\"font-weight: 400;\">Tel\u00e9fono: 01 (722) 2145601<\/p>\n<p style=\"font-weight: 400;\">M\u00f3vil: 722 4445315<\/p>\n<p style=\"font-weight: 400;\">Correo electr\u00f3nico: <a href=\"mailto:didepa@uaemex.mx\">didepa@uaemex.mx<\/a><\/p>\n<p style=\"font-weight: 400;\">Web:\u00a0<a href=\"http:\/\/didepa.uaemex.mx\/\" data-saferedirecturl=\"https:\/\/www.google.com\/url?hl=es&amp;q=http:\/\/didepa.uaemex.mx&amp;source=gmail&amp;ust=1519491052811000&amp;usg=AFQjCNHc8JQIMpfPkoxiYcrsmQaf-LWN2g\">didepa.uaemex.mx<\/a><\/p>\n<p>&nbsp;<\/p>\n<p style=\"font-weight: 400;\"><strong>Universidad de Colima<\/strong><\/p>\n<p style=\"font-weight: 400;\">Tel\u00e9fono: 31 611 41 Ext. 40507 y 40508<\/p>\n<p>&nbsp;<\/p>\n<p style=\"font-weight: 400;\"><b>Universidad Iberoamericana Ciudad de M\u00e9xico<\/b><\/p>\n<p style=\"font-weight: 400;\">Liliana Rodr\u00edguez Navarro<\/p>\n<p style=\"font-weight: 400;\">Tel\u00e9fono: 59504000, Ext. 4970<\/p>\n<p style=\"font-weight: 400;\">Correo electr\u00f3nico:\u00a0<a href=\"mailto:liliana.rodriguez@ibero.mx\">liliana.rodriguez@ibero.mx<\/a><\/p>\n<p style=\"font-weight: 400;\">Jazm\u00edn Gabriela Salas Navarro<\/p>\n<p style=\"font-weight: 400;\">Tel\u00e9fono: 59504000, Ext. 7611<\/p>\n<p style=\"font-weight: 400;\">Correo electr\u00f3nico:\u00a0<a href=\"mailto:jazmin.salas@ibero.mx\">jazmin.salas@ibero.mx<\/a><\/p>\n<p style=\"font-weight: 400;\">Lorena Baz\u00e1n Hern\u00e1ndez<\/p>\n<p style=\"font-weight: 400;\">Tel\u00e9fono: 59504000, Ext. 7932<\/p>\n<p style=\"font-weight: 400;\">Correo electr\u00f3nico:\u00a0<a href=\"mailto:lorena.bazan@ibero.mx\">lorena.bazan@ibero.mx<\/a><\/p>\n<p>&nbsp;<\/p>\n<p><b>Universidad Ju\u00e1rez Aut\u00f3noma de Tabasco<\/b><\/p>\n<p class=\"p1\">Mtra. Antonia Sujey \u00c1valos Ram\u00edrez<\/p>\n<p class=\"p1\"><span class=\"s1\">Correo Electr\u00f3nico:\u00a0<a href=\"mailto:sujey98@hotmail.com\">sujey98@hotmail.com<\/a><span class=\"Apple-converted-space\">\u00a0y\u00a0<\/span><a href=\"mailto:facdacsyh@hotmail.com\">facdacsyh@hotmail.com<\/a><\/span><\/p>\n<p>&nbsp;<\/p>\n<p style=\"font-weight: 400;\"><b>Universidad Aut\u00f3noma de Chiapas<\/b><\/p>\n<p class=\"p1\">Maricela Hazel Pacheco Pazos<\/p>\n<p class=\"p1\">Correo electr\u00f3nico: <a href=\"mailto:haz.pazos@iij-unach.mx\"><span class=\"s1\">haz.pazos@iij-unach.mx<\/span><\/a><\/p>\n<p>&nbsp;<\/p>\n<p><strong>Universidad\u00a0<\/strong><strong>Aut\u00f3noma de Chihuahua<\/strong><\/p>\n<p class=\"p1\">Mtro. Luis Alfonso Rivera Campos<\/p>\n<p>Correo electr\u00f3nico:\u00a0<a href=\"mailto:rivera23@yahoo.com\"><span class=\"s1\">rivera23@yahoo.com<\/span><\/a><\/p>\n<p>&nbsp;<\/p>\n<p style=\"font-weight: 400;\"><strong>Universidad\u00a0<\/strong><strong>Aut\u00f3noma de Coahuila<\/strong><\/p>\n<p class=\"p1\">Lic. Mar\u00eda Guadalupe Esquivel Cardona<\/p>\n<p class=\"p1\">Tel\u00e9fono: 4157769 y 415-7499, Ext. 110<\/p>\n<p class=\"p1\">Correo electr\u00f3nico:\u00a0<a href=\"mailto:gesquivel@uadec.edu.mx\"><span class=\"s1\">gesquivel@uadec.edu.mx<\/span><\/a><\/p>\n<p>&nbsp;<\/p>\n<p><strong>Universidad Aut\u00f3noma de San Luis Potos\u00ed<\/strong><\/p>\n<p class=\"p1\">Mtra. Emma Elisa Menchaca de la Rosa<\/p>\n<p class=\"p1\">Correo Electr\u00f3nico: <a href=\"mailto:emma.menchaca@uaslp.mx\"><span class=\"s1\">emma.menchaca@uaslp.mx<\/span><\/a><\/p>\n<p>&nbsp;<\/p>\n<p style=\"font-weight: 400;\"><strong>Universidad de Sonora<\/strong><\/p>\n<p style=\"font-weight: 400;\">Dr. Adri\u00e1n Mancera Cota<\/p>\n<p style=\"font-weight: 400;\">Tel\u00e9fono: 6621837904<\/p>\n<p>&nbsp;<\/p>\n<p><b>Universidad Michoacana de San Nicol\u00e1s Hidalgo<\/b><\/p>\n<p>Mtro.\u00a0Jorge Garrido Beltran<\/p>\n<p class=\"p1\">Correo electr\u00f3nico:\u00a0<a href=\"mailto:j.garrido.bell@gmail.com\"><span class=\"s1\">j.garrido.bell@gmail.com<\/span><\/a><\/p>\n<p>&nbsp;<\/p>\n","protected":false},"excerpt":{"rendered":"<p>Tel\u00e9fono: 5420 4900, Ext: 1076 Correo electr\u00f3nico: proyectosjp@anuies.mx https:\/\/profesionalizacionsjpa.anuies.mx &nbsp; Benem\u00e9rita\u00a0Universidad\u00a0Aut\u00f3noma de\u00a0Puebla Oficina de la Abogada General Mtra. Laura Ang\u00e9lica Montes Mungu\u00eda Tel\u00e9fono: 01 (222) 229-5500, Ext. 5066 Correo Electr\u00f3nico: sistemadejusticiapenal@correo.buap.mx Facultad de Derecho y Ciencias Sociales Dra. Mar\u00eda Luisa M\u00e1rquez Olvera Tel\u00e9fono: 01(222) 2-29-55-00, Ext. 7717 Web: www.diplomadosenjusticiapenal.buap.mx &nbsp; ITESO,\u00a0Universidad Jesuita de Guadalajara Tel\u00e9fono: &hellip; <\/p>\n","protected":false},"author":1,"featured_media":0,"parent":0,"menu_order":0,"comment_status":"closed","ping_status":"closed","template":"","meta":[],"_links":{"self":[{"href":"https:\/\/profesionalizacionsjpa.anuies.mx\/index.php\/wp-json\/wp\/v2\/pages\/52"}],"collection":[{"href":"https:\/\/profesionalizacionsjpa.anuies.mx\/index.php\/wp-json\/wp\/v2\/pages"}],"about":[{"href":"https:\/\/profesionalizacionsjpa.anuies.mx\/index.php\/wp-json\/wp\/v2\/types\/page"}],"author":[{"embeddable":true,"href":"https:\/\/profesionalizacionsjpa.anuies.mx\/index.php\/wp-json\/wp\/v2\/users\/1"}],"replies":[{"embeddable":true,"href":"https:\/\/profesionalizacionsjpa.anuies.mx\/index.php\/wp-json\/wp\/v2\/comments?post=52"}],"version-history":[{"count":26,"href":"https:\/\/profesionalizacionsjpa.anuies.mx\/index.php\/wp-json\/wp\/v2\/pages\/52\/revisions"}],"predecessor-version":[{"id":645,"href":"https:\/\/profesionalizacionsjpa.anuies.mx\/index.php\/wp-json\/wp\/v2\/pages\/52\/revisions\/645"}],"wp:attachment":[{"href":"https:\/\/profesionalizacionsjpa.anuies.mx\/index.php\/wp-json\/wp\/v2\/media?parent=52"}],"curies":[{"name":"wp","href":"https:\/\/api.w.org\/{rel}","templated":true}]}}